{"id":68,"date":"2019-08-06T18:24:15","date_gmt":"2019-08-06T18:24:15","guid":{"rendered":"http:\/\/www.acent.sk\/?page_id=68"},"modified":"2023-04-01T09:59:38","modified_gmt":"2023-04-01T08:59:38","slug":"sortiment","status":"publish","type":"page","link":"https:\/\/www.acent.sk\/?page_id=68","title":{"rendered":"Tonery, atramenty, diely"},"content":{"rendered":"\n<p><\/p>\n\n\n\n<p> Pon\u00fakame \u0161irok\u00fd sortiment origin\u00e1lnych, kompatibiln\u00fdch a renovovan\u00fdch tonerov pre tla\u010diarne. Sortiment sa neust\u00e1le roz\u0161iruje, pre aktu\u00e1lne ceny n\u00e1s pros\u00edm kontaktujte telefonicky na \u010d\u00edsle: 0915 828 000 alebo e-mailom <a href=\"mailto:acent@hotmail.sk\">acent@hotmail.sk<\/a><\/p>\n\n\n\n<ol class=\"wp-block-list\"><\/ol>\n\n\n\n<p><\/p>\n\n\n\n<figure class=\"wp-block-image\"><img loading=\"lazy\" decoding=\"async\" width=\"476\" height=\"269\" src=\"http:\/\/www.acent.sk\/wp-content\/uploads\/2019\/08\/Acent_baner.jpg\" alt=\"\" class=\"wp-image-83\" srcset=\"https:\/\/www.acent.sk\/wp-content\/uploads\/2019\/08\/Acent_baner.jpg 476w, https:\/\/www.acent.sk\/wp-content\/uploads\/2019\/08\/Acent_baner-300x170.jpg 300w\" sizes=\"auto, (max-width: 476px) 100vw, 476px\" \/><\/figure>\n","protected":false},"excerpt":{"rendered":"<p>Pon\u00fakame \u0161irok\u00fd sortiment origin\u00e1lnych, kompatibiln\u00fdch a renovovan\u00fdch tonerov pre tla\u010diarne. Sortiment sa neust\u00e1le roz\u0161iruje, pre aktu\u00e1lne ceny n\u00e1s pros\u00edm kontaktujte telefonicky na \u010d\u00edsle: 0915 828 000 alebo e-mailom acent@hotmail.sk<\/p>\n","protected":false},"author":1,"featured_media":141,"parent":0,"menu_order":0,"comment_status":"closed","ping_status":"closed","template":"","meta":{"footnotes":""},"class_list":["post-68","page","type-page","status-publish","has-post-thumbnail","hentry"],"_links":{"self":[{"href":"https:\/\/www.acent.sk\/index.php?rest_route=\/wp\/v2\/pages\/68","targetHints":{"allow":["GET"]}}],"collection":[{"href":"https:\/\/www.acent.sk\/index.php?rest_route=\/wp\/v2\/pages"}],"about":[{"href":"https:\/\/www.acent.sk\/index.php?rest_route=\/wp\/v2\/types\/page"}],"author":[{"embeddable":true,"href":"https:\/\/www.acent.sk\/index.php?rest_route=\/wp\/v2\/users\/1"}],"replies":[{"embeddable":true,"href":"https:\/\/www.acent.sk\/index.php?rest_route=%2Fwp%2Fv2%2Fcomments&post=68"}],"version-history":[{"count":8,"href":"https:\/\/www.acent.sk\/index.php?rest_route=\/wp\/v2\/pages\/68\/revisions"}],"predecessor-version":[{"id":317,"href":"https:\/\/www.acent.sk\/index.php?rest_route=\/wp\/v2\/pages\/68\/revisions\/317"}],"wp:featuredmedia":[{"embeddable":true,"href":"https:\/\/www.acent.sk\/index.php?rest_route=\/wp\/v2\/media\/141"}],"wp:attachment":[{"href":"https:\/\/www.acent.sk\/index.php?rest_route=%2Fwp%2Fv2%2Fmedia&parent=68"}],"curies":[{"name":"wp","href":"https:\/\/api.w.org\/{rel}","templated":true}]}}