{"id":75,"date":"2019-08-06T18:53:32","date_gmt":"2019-08-06T18:53:32","guid":{"rendered":"http:\/\/www.acent.sk\/?page_id=75"},"modified":"2022-09-06T10:27:44","modified_gmt":"2022-09-06T09:27:44","slug":"vykup-tonerov","status":"publish","type":"page","link":"https:\/\/www.acent.sk\/?page_id=75","title":{"rendered":"V\u00fdkup tonerov"},"content":{"rendered":"\n<p><strong>Vykupujeme pou\u017eit\u00e9 tonery a kazety do tla\u010diarn\u00ed<\/strong><\/p>\n\n\n\n<p>Po vyp\u00edsan\u00ed tonerovej kazety ju vlo\u017ete do origin\u00e1lneho obalu (antistatick\u00e9ho\ns\u00e1\u010dku pre laserov\u00fd toner a kart\u00f3novej krabice). Ke\u010f u\u017e nem\u00e1te origin\u00e1lnu\nkrabicu, pou\u017eite primeran\u00fa n\u00e1hradu a zamedzte po\u0161kodenie kazety igelitov\u00fdm\nalebo papierov\u00fdm s\u00e1\u010dkom. Pri preprave sa t\u00fdmto zamedz\u00ed po\u0161kr\u00e1baniu alebo\no\u0161\u00fachaniu kazety.<\/p>\n\n\n\n<p>Farebn\u00fa atramentov\u00fa kazetu neprelepujte p\u00e1skou, ale zamedzte styku tla\u010dovej\nhlavy so s\u00e1\u010dkom. Uzatvorte ju do s\u00e1\u010dku.<\/p>\n\n\n\n<p>Vyhradzujeme si pr\u00e1vo presk\u00fa\u0161a\u0165 kazety na\u0161imi technikmi.<\/p>\n\n\n\n<p>\u010ciernu atramentov\u00fa kazetu neprelepujte \u017eiadnou p\u00e1skou a uzatvorte ju do\ns\u00e1\u010dku.<\/p>\n\n\n\n<p>U\u017e renovovan\u00e9 alebo kompatibiln\u00e9 kazety nevykupujeme.<\/p>\n\n\n\n<p>Vykupujeme iba plne funk\u010dn\u00e9 kazety. Typy, mno\u017estv\u00e1 a ceny v\u00fdkupu sa menia,\npreto sa informujte na aktu\u00e1lnu cenu. O nov\u00e9 typy tonerov je v\u00e4\u010d\u0161\u00ed z\u00e1ujem.<\/p>\n\n\n\n<div class=\"wp-block-group\"><div class=\"wp-block-group__inner-container is-layout-flow wp-block-group-is-layout-flow\">\n<p><a href=\"acent@hotmail.sk\">Doh<\/a><a href=\"http:\/\/www.acent.sk\/?page_id=9\">odnite si s nami ceny, platbu a sp\u00f4sob v\u00fdkupu<\/a><\/p>\n<\/div><\/div>\n\n\n\n<p><strong>naj\u010dastej\u0161ie vykupujeme tieto tonery :<\/strong><\/p>\n\n\n\n<p>HP CF360X   &#8222;no. 508X&#8220;   *       HP CF360A   &#8222;no. 508A&#8220;   *       HP CF361X   &#8222;no. 508X&#8220;  *        HP CF361A   &#8222;no. 508A&#8220;          <\/p>\n\n\n\n<p>HP CF362X   &#8222;no. 508A&#8220;   *       HP CF362A   &#8222;no. 508A&#8220;       *   HP CF363X   &#8222;no. 508X&#8220;     *     HP CF363A   &#8222;no. 508A&#8220;<\/p>\n\n\n\n<p>HP W2030X   &#8222;no. 415X&#8220;    *      HP W2031X  &#8222;no. 415X&#8220;  *        HP W2032X   &#8222;no. 415X&#8220;  *        HP W2033X   &#8222;no. 415X&#8220; <\/p>\n\n\n\n<p>HP W2030A   &#8222;no. 415A&#8220;     *     HP W2031A   &#8222;no. 415A&#8220;     *     HP W2032A   &#8222;no. 415A&#8220;     *     HP W2033A   &#8222;no. 415A&#8220;          <\/p>\n\n\n\n<p>HP CF410X   &#8222;no. 410X&#8220;      *    HP CF411X   &#8222;no. 410X&#8220;   *       HP CF412X   &#8222;no. 410X&#8220;  *        HP CF413X   &#8222;no. 410X&#8220;            <\/p>\n\n\n\n<p>HP CF410A  &#8222;no. 410A&#8220;      *    HP CF411A   &#8222;no. 410A&#8220;   *       HP CF412A &#8222;no. 410A&#8220;  *         HP CF413A   &#8222;no. 410A&#8220;<\/p>\n\n\n\n<p>HP CF540X   &#8222;no. 203X&#8220;    *      HP CF540A   &#8222;no. 203A&#8220;   *       HP CF541X   &#8222;no. 203X&#8220;    *      HP CF541A   &#8222;no. 203A&#8220;<\/p>\n\n\n\n<p>HP CF542X &#8222;no. 203X&#8220;     *     HP CF542A &#8222;no. 203A&#8220;       *   HP CF543X &#8222;no. 203X&#8220; *         HP CF543A   &#8222;no. 203A&#8220;<\/p>\n\n\n\n<p><\/p>\n\n\n\n<p>         <\/p>\n","protected":false},"excerpt":{"rendered":"<p>Vykupujeme pou\u017eit\u00e9 tonery a kazety do tla\u010diarn\u00ed Po vyp\u00edsan\u00ed tonerovej kazety ju vlo\u017ete do origin\u00e1lneho obalu (antistatick\u00e9ho s\u00e1\u010dku pre laserov\u00fd toner a kart\u00f3novej krabice). Ke\u010f u\u017e nem\u00e1te origin\u00e1lnu krabicu, pou\u017eite primeran\u00fa n\u00e1hradu a zamedzte po\u0161kodenie kazety igelitov\u00fdm alebo papierov\u00fdm s\u00e1\u010dkom. Pri preprave sa t\u00fdmto zamedz\u00ed po\u0161kr\u00e1baniu alebo o\u0161\u00fachaniu kazety. Farebn\u00fa atramentov\u00fa kazetu neprelepujte p\u00e1skou, ale zamedzte styku tla\u010dovej hlavy so<\/p>\n","protected":false},"author":1,"featured_media":76,"parent":0,"menu_order":0,"comment_status":"closed","ping_status":"closed","template":"","meta":{"footnotes":""},"class_list":["post-75","page","type-page","status-publish","has-post-thumbnail","hentry"],"_links":{"self":[{"href":"https:\/\/www.acent.sk\/index.php?rest_route=\/wp\/v2\/pages\/75","targetHints":{"allow":["GET"]}}],"collection":[{"href":"https:\/\/www.acent.sk\/index.php?rest_route=\/wp\/v2\/pages"}],"about":[{"href":"https:\/\/www.acent.sk\/index.php?rest_route=\/wp\/v2\/types\/page"}],"author":[{"embeddable":true,"href":"https:\/\/www.acent.sk\/index.php?rest_route=\/wp\/v2\/users\/1"}],"replies":[{"embeddable":true,"href":"https:\/\/www.acent.sk\/index.php?rest_route=%2Fwp%2Fv2%2Fcomments&post=75"}],"version-history":[{"count":9,"href":"https:\/\/www.acent.sk\/index.php?rest_route=\/wp\/v2\/pages\/75\/revisions"}],"predecessor-version":[{"id":307,"href":"https:\/\/www.acent.sk\/index.php?rest_route=\/wp\/v2\/pages\/75\/revisions\/307"}],"wp:featuredmedia":[{"embeddable":true,"href":"https:\/\/www.acent.sk\/index.php?rest_route=\/wp\/v2\/media\/76"}],"wp:attachment":[{"href":"https:\/\/www.acent.sk\/index.php?rest_route=%2Fwp%2Fv2%2Fmedia&parent=75"}],"curies":[{"name":"wp","href":"https:\/\/api.w.org\/{rel}","templated":true}]}}