{"id":9,"date":"2019-08-05T07:16:29","date_gmt":"2019-08-05T07:16:29","guid":{"rendered":"http:\/\/www.acent.sk\/?page_id=9"},"modified":"2025-01-09T15:49:26","modified_gmt":"2025-01-09T14:49:26","slug":"contact","status":"publish","type":"page","link":"https:\/\/www.acent.sk\/?page_id=9","title":{"rendered":"Kontakt"},"content":{"rendered":"<p>Prev\u00e1dzka:\u00a0K v\u00fdstavisku 13, 911 01 Tren\u010d\u00edn<br \/>Tel.: 0915 828 000 \u00a0 \u00a0 \u00a0 \u00a0 \u00a0 \u00a0 \u00a0 \u00a0 \u00a0\u00a0<a href=\"mailto:acent@hotmail.sk\">acent@acent.sk<\/a>\u00a0 \u00a0 \u00a0 \u00a0 \u00a0www.acent.sk<\/p>\n<p>I\u010cO: 36338036\u00a0 \u00a0 \u00a0 \u00a0 \u00a0 \u00a0 \u00a0 \u00a0 \u00a0 \u00a0 \u00a0 \u00a0I\u010c DPH: SK2021873810<br \/>Banka: \u010cSOB \u010d. \u00fa.: SK2275000000004019504565,\u00a0 \u00a0BIC (SWIFT) CEKOSKBX<br \/>Zap\u00edsan\u00fd v OR Okresn\u00fd s\u00fad v Tren\u010d\u00edne, odd. s.r.o.,vlo\u017eka \u010d\u00edslo 14917\/R, de\u0148 z\u00e1pisu 27.8.2004<\/p>\n<p><img loading=\"lazy\" decoding=\"async\" class=\"alignnone size-full wp-image-151\" src=\"http:\/\/www.acent.sk\/wp-content\/uploads\/2019\/08\/ACENTqrkod.jpg\" alt=\"\" width=\"193\" height=\"191\" srcset=\"https:\/\/www.acent.sk\/wp-content\/uploads\/2019\/08\/ACENTqrkod.jpg 193w, https:\/\/www.acent.sk\/wp-content\/uploads\/2019\/08\/ACENTqrkod-80x80.jpg 80w\" sizes=\"auto, (max-width: 193px) 100vw, 193px\" \/><\/p>\n<p>&#8212;&#8212;&#8212;&#8212;&#8212;&#8212;&#8212;&#8212;&#8212;&#8212;&#8212;&#8212;&#8212;&#8212;&#8212;&#8212;&#8212;&#8212;&#8212;&#8212;&#8212;&#8212;&#8212;&#8212;&#8212;&#8212;&#8212;&#8212;&#8212;&#8212;&#8212;&#8212;&#8212;&#8212;&#8212;&#8212;&#8212;&#8212;&#8212;&#8212;&#8212;&#8212;&#8212;&#8212;&#8212;&#8212;&#8212;&#8212;&#8212;&#8212;&#8212;&#8211;<\/p>\n<h6>\u00a0<\/h6>\n<h6>Org\u00e1n dozoru a doh\u013eadu<\/h6>\n<h5>In\u0161pektor\u00e1t SOI pre Tren\u010diansky kraj<\/h5>\n<ol>\n<li>Sl\u00e1dkovi\u010da 11,<\/li>\n<\/ol>\n<p>971 01 Prievidza<\/p>\n<p>odbor technickej kontroly v\u00fdrobkov a ochrany spotrebite\u013ea<\/p>\n<p>tel.: 046 5422 771<\/p>\n\n\n<p><\/p>\n","protected":false},"excerpt":{"rendered":"<p>Prev\u00e1dzka:\u00a0K v\u00fdstavisku 13, 911 01 Tren\u010d\u00ednTel.: 0915 828 000 \u00a0 \u00a0 \u00a0 \u00a0 \u00a0 \u00a0 \u00a0 \u00a0 \u00a0\u00a0acent@acent.sk\u00a0 \u00a0 \u00a0 \u00a0 \u00a0www.acent.sk I\u010cO: 36338036\u00a0 \u00a0 \u00a0 \u00a0 \u00a0 \u00a0 \u00a0 \u00a0 \u00a0 \u00a0 \u00a0 \u00a0I\u010c DPH: SK2021873810Banka: \u010cSOB \u010d. \u00fa.: SK2275000000004019504565,\u00a0 \u00a0BIC (SWIFT) CEKOSKBXZap\u00edsan\u00fd v OR Okresn\u00fd s\u00fad v Tren\u010d\u00edne, odd. s.r.o.,vlo\u017eka \u010d\u00edslo 14917\/R, de\u0148 z\u00e1pisu 27.8.2004 &#8212;&#8212;&#8212;&#8212;&#8212;&#8212;&#8212;&#8212;&#8212;&#8212;&#8212;&#8212;&#8212;&#8212;&#8212;&#8212;&#8212;&#8212;&#8212;&#8212;&#8212;&#8212;&#8212;&#8212;&#8212;&#8212;&#8212;&#8212;&#8212;&#8212;&#8212;&#8212;&#8212;&#8212;&#8212;&#8212;&#8212;&#8212;&#8212;&#8212;&#8212;&#8212;&#8212;&#8212;&#8212;&#8212;&#8212;&#8212;&#8212;&#8212;&#8212;&#8211; \u00a0 Org\u00e1n<\/p>\n","protected":false},"author":1,"featured_media":147,"parent":0,"menu_order":0,"comment_status":"closed","ping_status":"closed","template":"","meta":{"footnotes":""},"class_list":["post-9","page","type-page","status-publish","has-post-thumbnail","hentry"],"_links":{"self":[{"href":"https:\/\/www.acent.sk\/index.php?rest_route=\/wp\/v2\/pages\/9","targetHints":{"allow":["GET"]}}],"collection":[{"href":"https:\/\/www.acent.sk\/index.php?rest_route=\/wp\/v2\/pages"}],"about":[{"href":"https:\/\/www.acent.sk\/index.php?rest_route=\/wp\/v2\/types\/page"}],"author":[{"embeddable":true,"href":"https:\/\/www.acent.sk\/index.php?rest_route=\/wp\/v2\/users\/1"}],"replies":[{"embeddable":true,"href":"https:\/\/www.acent.sk\/index.php?rest_route=%2Fwp%2Fv2%2Fcomments&post=9"}],"version-history":[{"count":10,"href":"https:\/\/www.acent.sk\/index.php?rest_route=\/wp\/v2\/pages\/9\/revisions"}],"predecessor-version":[{"id":360,"href":"https:\/\/www.acent.sk\/index.php?rest_route=\/wp\/v2\/pages\/9\/revisions\/360"}],"wp:featuredmedia":[{"embeddable":true,"href":"https:\/\/www.acent.sk\/index.php?rest_route=\/wp\/v2\/media\/147"}],"wp:attachment":[{"href":"https:\/\/www.acent.sk\/index.php?rest_route=%2Fwp%2Fv2%2Fmedia&parent=9"}],"curies":[{"name":"wp","href":"https:\/\/api.w.org\/{rel}","templated":true}]}}